89. Let o = u + 739. What are the prime factors of o?
2, 67
Let s be 2 - (-2062)/4 - (-26)/52. Suppose -3*f = -f + 2*m - 516, -2*f - m = -s. Suppose -5*p - 130 = -2*u, -4*u - p = -4*p - f. List the prime factors of u.
5, 13
Let f(s) = s - 15. Let i(j) = j + 1. Let t(k) = -f(k) - 2*i(k). Let c be t(3). Suppose -2*z = -2*r - 2*r - 132, -c*r = z - 36. List the prime factors of z.
2, 7
Let m(n) = n**3 + 5*n**2 - 6*n + 6. Let y be m(-6). Suppose 83 = y*q + 551. Let v = -14 - q. What are the prime factors of v?
2
Suppose 2*f - 4*l - 10602 = 0, 3*f - 2*l + 6301 - 22184 = 0. What are the prime factors of f?
11, 13, 37
Let c(q) = q**3 - 2*q**2 - q - 4. Let x be c(3). What are the prime factors of (645/60)/(x/16)?
2, 43
Suppose 58 = -4*v - 138. Suppose j + 30 - 10 = 0. Let u = j - v. List the prime factors of u.
29
Let c = 212 - 212. Suppose c = -26*d + 25*d + 1, 5*z = 4*d + 3601. What are the prime factors of z?
7, 103
Suppose 2*g - 4*i = 50, -i + 92 = -0*g + 5*g. Suppose -22*j + 1305 = -g*j. What are the prime factors of j?
3, 5, 29
Suppose 1 + 4 = 5*s - 5*k, -2 = -3*s + 2*k. Suppose -m - 3*t + 128 = 0, s*t - 3*t = 12. What are the prime factors of m?
2, 5, 7
What are the prime factors of 23*(-69)/(-4232) - ((-4725)/8 + -2)?
593
Let j(i) = -690 + 149*i - 39*i + 697. What are the prime factors of j(18)?
1987
Suppose -192507 = -13*p + 73820 + 80669. What are the prime factors of p?
2, 6673
Let b be (-335)/(-65) - (-2)/(-13). Suppose t + b*y = 142, -5*y - 112 = -t - 0*y. Suppose -43 = 3*w - t. What are the prime factors of w?
2, 7
List the prime factors of -24 + (-2 - -35658) + -26.
2, 19, 937
Let l(n) = -51*n**3 - 502*n**2 - 19*n - 1. List the prime factors of l(-12).
16067
What are the prime factors of (496128/(-380))/((-2)/15)?
2, 3, 17
Let o = -22 + 57. Let h = o + -33. Suppose -4*w + 3*g - 5*g = -302, h*w - g - 153 = 0. What are the prime factors of w?
2, 19
Let t = -283 + 293. What are the prime factors of t/(0 + 5) + 610?
2, 3, 17
Let x = 95664 + -39832. List the prime factors of x.
2, 7, 997
Let d(k) = 8*k**2 + 173*k + 245. What are the prime factors of d(-43)?
2, 29, 131
Suppose 1 = n + 2*o, -27 + 10 = -5*n + 2*o. Suppose n*g + 5831 = 10*g. What are the prime factors of g?
7, 17
Let w = 288 - 133. Let b = w - -555. Suppose 5*l - 698 = -i, -9*i + 4*i + b = 5*l. What are the prime factors of l?
139
Let d(p) = -2881*p - 1179. What are the prime factors of d(-18)?
3, 1877
Let p(s) = 4*s + 18. Let r(z) = -z**2 - 5*z + 14. Let y be r(-6). Let k be p(y). What are the prime factors of (-3 - -5 - k)*-1?
2, 3
Let x(j) = 4*j + 28. Let o = 108 + -112. Let t be x(o). Suppose 0*a = -3*a + t, 2*m = -3*a + 36. List the prime factors of m.
2, 3
Let a = -14981 + 29498. List the prime factors of a.
3, 1613
Let n(a) = -43 + 13*a - 50 + 11*a + 21*a - 11*a. What are the prime factors of n(18)?
3, 173
Let b be 6926/(-22) + 20/(-110). What are the prime factors of ((-21)/(b/1550))/(2/15)?
5, 31
Suppose -4*p + 2*j - 76 = 0, 7*p = 6*p + 2*j - 19. Let z(i) = 4*i**2 + 29*i + 27. What are the prime factors of z(p)?
2, 5, 23
Let f be (-22)/(-8) + (-15)/20. Let y(q) = -27*q**2 + 13*q + q**3 - 27*q**2 + 2 + 44*q**f. What are the prime factors of y(9)?
2, 19
Let x(a) = -56*a**2 + a - 2. Let z = -45 - -47. Let t be x(z). Let q = t - -364. What are the prime factors of q?
2, 5, 7
Suppose -449831 = -15*n - 10301. What are the prime factors of n?
2, 7, 13, 23
Suppose -4*o = -q - 615 - 1183, 1808 = -q - o. Let l be q/15 - (-14)/35. List the prime factors of 1241/11 - (2 + l/55).
113
Suppose 0 = -64*l - 8*l + 383591 + 93481. List the prime factors of l.
2, 3313
Suppose 7*j = 6*j - 106. Let s = -58 - j. Suppose -9*v = -3*v - s. List the prime factors of v.
2
Let h = 251297 - 167896. What are the prime factors of h?
83401
Let i(z) = -z**2 + z + 1. Let j(w) = -37*w**3 - 4*w**2 + 7*w - 2. Let s(p) = -i(p) - j(p). What are the prime factors of s(2)?
7, 43
Suppose 0 = 170*i - 122*i - 421104. What are the prime factors of i?
31, 283
Let l be (-2)/8*(-11 + -1). Suppose -2*b + 2468 = l*m, 29*m - 4*b = 32*m - 2464. List the prime factors of m.
2, 103
Let f be 0 - 3 - (-480 - 1). Suppose f = 5*h - 137. Suppose -h - 45 = -m. What are the prime factors of m?
2, 3, 7
Suppose 3*n - 2*n + 2*p - 649 = 0, 0 = -4*n + p + 2569. Suppose n = 4*z + b, 4*b + 701 = 4*z + 73. List the prime factors of z.
2, 5
Let o = -112 + 115. Suppose -1700 = -o*n + 319. What are the prime factors of n?
673
Suppose -3*x + 3*o + 21 = 3, -4*x = 5*o - 15. Suppose 5*q = -x*a + 2*a + 300, 0 = -5*q. What are the prime factors of a?
2, 5
Let n(w) = -7*w**3 + 4*w**2 - 5*w - 2. Let p(k) = -8*k**3 + 4*k**2 - 6*k - 2. Let c(y) = 3*n(y) - 4*p(y). List the prime factors of c(4).
2, 3, 113
Let c = -5209 + 9310. What are the prime factors of c?
3, 1367
Suppose 0 = -70*r - 17394 + 50364. What are the prime factors of r?
3, 157
Let b(u) be the first derivative of u**4/2 - 17*u**3/3 + 10*u**2 + 14*u + 213. List the prime factors of b(12).
2, 631
Let x be (-9 + 24)*(-63)/(-15). List the prime factors of 35112/x + (-4)/3.
2, 139
Let n = -56906 - -114037. List the prime factors of n.
57131
Suppose -36391 + 86969 = 22*q. List the prime factors of q.
11, 19
Let h be (-2 + 1)/(8/(-32)). Suppose h*d - a - 1158 = 0, d - 279 = -2*a - 3*a. List the prime factors of d.
17
Suppose -5*g = 78 - 28. Let c(r) = -4*r + 2*r + 3*r - 4*r + 13. What are the prime factors of c(g)?
43
Suppose 57*c + 161763 = 70*c - 216836. What are the prime factors of c?
29123
What are the prime factors of (-6 + (-312732)/(-98))/(3 - 80/28)?
2, 3, 929
Let f(z) = -963*z**3 - 3*z**2 + 3*z - 1. Let n(x) = 2*x**3 + x**2 + 1. Let k(v) = f(v) + 3*n(v). List the prime factors of k(-1).
2, 239
Let j = -707 + 1045. Suppose -2*i + 470 = -j. Suppose 0 = -z - 3*g + 81, -7*z = -3*z - 4*g - i. List the prime factors of z.
2, 3
Let r = -708 - -1093. Let z = 567 - r. List the prime factors of z.
2, 7, 13
Let x = 410 - 41. Suppose -1480 = 3*b - 7*b + 3*s, b - x = s. Let t = -189 + b. List the prime factors of t.
2, 23
Let k(w) be the second derivative of w**4/2 - 7*w**3/6 + 3*w**2/2 + 28*w. Let m be k(-7). Suppose 396 = 14*t - m. What are the prime factors of t?
53
Let k(l) = 6*l**2 - 17*l + 20. Let m = 212 - 202. List the prime factors of k(m).
2, 3, 5
Suppose -9*m + 87 = -6*m - 3*a, 4*a = 20. Let w = m - -294. List the prime factors of w.
2, 41
Suppose -2*d + 0*d = -6*d. Let s(v) = 8 + v**3 - 10*v**2 + 4 + d. What are the prime factors of s(10)?
2, 3
Let y be -3 + 1 + (3 - 8). Let t be y/2*24/(-21). Suppose 52 = -0*g + t*g. List the prime factors of g.
13
Suppose 13*q - 85 = -33. Suppose 0 = -2*m - 4*b + 558, -m + q*b - 2*b + 263 = 0. What are the prime factors of m?
271
Let x(a) be the second derivative of -1/2*a**2 + 0 + 8*a - 3*a**3. What are the prime factors of x(-2)?
5, 7
Let n(a) = -50*a - 21. Let z = 1 - 5. Let k be (-40)/z*(3/(-2))/3. List the prime factors of n(k).
229
Let i(l) = -2*l**3 - 4*l**2 - 3*l - 2. Let w be i(-2). Let m be ((-5)/w)/((-2)/8). List the prime factors of ((-18)/4)/(m/(-360)*4).
3
What are the prime factors of 18*(-36)/108 + (3206 - 0)?
2, 5
Suppose 5*g - 145110 = -137*t + 132*t, 5*t = -35. What are the prime factors of g?
7, 11, 13, 29
Suppose -2*s + 2*i + 6 = 0, 0*i - 5*i = 5. Suppose -b = -5*q - 11 - 162, -s*q - b = 65. What are the prime factors of (6 - -2) + q/17?
2, 3
Suppose -2 + 4 = b. Let w be 4/(-26) - ((-112)/(-13))/(-4). List the prime factors of b/12*573 - (-1)/w.
2, 3
Suppose -4*m - 3303 = n - 25420, 0 = 3*m - 5*n - 16628. What are the prime factors of m?
5531
Suppose 0 = l + q - 17517, 0 = -5*l - 8*q + q + 87579. Suppose 25*n - l = 9*n. List the prime factors of n.
3, 5, 73
Let w(r) = 103*r**2 + 208*r + 1724. What are the prime factors of w(-8)?
2, 1663
Let u(l) = -5*l + 19. Let h be u(-7). List the prime factors of (-10449)/h*(-2 + 0).
3, 43
Let k(x) = -12*x + 56. Let r be k(5). What are the prime factors of ((-192)/5)/(r/160)?
2, 3
Suppose 0 = 2*z + 2*u - 24, 4 = -z + 5*u + 10. Suppose z*c = 12*c - 105. What are the prime factors of c?
3, 5, 7
Suppose -176 = -3*s + x - 561, 2*s + 5*x = -251. Let p(g) = -g**3 + 34*g**2 + 64*g + 85. Let t be p(36). Let a = s - t. What are the prime factors of a?
3, 5
Suppose -2*w = -18*d + 21*d - 14501, 5*d - 2